- 7*d - 8. Let g(t) = -t - 1. Let b = -11 - -12. Let m(y) = b*h(y) - 2*g(y). Let o = 2 + -7. What is m(o)?
-6
Let f(g) = -2*g**3 + 10*g**2 - 8*g + 5. Let u be f(4). Suppose 0*t + 25 = -u*t. Let q(k) = k**2 + 4*k + 6. Give q(t).
11
Let w(a) be the first derivative of -2*a**2 + 2/3*a**3 - 3*a - 15. What is w(-2)?
13
Let c(h) be the first derivative of -6*h**2 + h - 263. What is c(1)?
-11
Let v(x) = 2*x + 18*x**2 + x**3 + x - 4*x**2 - 3*x**2 - 7*x**2. Let j(s) = -s**2 - 4*s - 2. Let w be j(-4). Calculate v(w).
2
Let j(c) = -33*c - 3*c**2 + 31*c - 3*c**3 + 2*c**3 + 4 + 2*c**3. Suppose 3*f = b - 4, -3*f - 11 = -4*b + 5. Determine j(b).
12
Let w(b) = 3*b**3 + 8*b**2 - 8*b + 3. Let f(i) = -4*i**3 - 12*i**2 + 9*i - 3. Let v(c) = -2*f(c) - 3*w(c). Determine v(-3).
6
Let n = -2372 + 2372. Let i(p) = p - 10. Let y(h) = -h + 10. Let u(f) = -5*i(f) - 4*y(f). Determine u(n).
10
Let x be 36/((-6 - -1)/(-5)). Let q(g) = -17 - 21 + x + 5*g. Determine q(-3).
-17
Suppose 9*i = 4*i - 10. Let y = 8 - 2. Let v(b) = 0 + 2*b - y*b - 2 + 0*b. What is v(i)?
6
Let v(n) = 4*n + 6 + 2 - 5*n + 3 + 0*n. Let y(h) = h**3 - 7*h**2 - 9*h + 8. Let g be y(8). Calculate v(g).
11
Let m be 3/2*4/2. Let d(k) be the first derivative of -k**5/120 + k**4/24 - k**3/3 + k**2 + 56. Let v(y) be the third derivative of d(y). Calculate v(m).
-2
Let f(j) = 411 - 5*j**2 - 384 + 6*j**2. Give f(0).
27
Let n be ((4*-1)/(-2))/(8/20). Let y(d) be the second derivative of d**4/24 + 5*d**3/6 + 3*d**2/2 + 3*d. Let w(k) be the first derivative of y(k). What is w(n)?
10
Let o(g) = 9*g - 12*g + 4*g + 2. Give o(-9).
-7
Let v(u) = -u**2 + 6*u + 4. Let x(r) = r + 10. Let d be x(-6). Suppose -d*t + 46 = 18. What is v(t)?
-3
Let t(v) = -2*v**2 + 6*v - 2. Let k(m) be the first derivative of m**4/4 + 2*m**3 + 2*m**2 - 2*m + 5. Let d be k(-5). Suppose 0 = -d*w + 5 + 7. What is t(w)?
-10
Let r(u) be the first derivative of u**3/3 + u**2 - 3*u - 2. Let p be (-13)/(-52) + (-30)/(-8). Let q be (3/p)/(1/(-4)). What is r(q)?
0
Let c(x) be the third derivative of -1/24*x**4 + 5/6*x**3 - 11*x**2 + 0 + 0*x. What is c(5)?
0
Let q(s) be the second derivative of s**3/3 + 3*s**2/2 + 99*s. Determine q(-5).
-7
Let n(i) = 2*i**2 + 5*i - 1. Suppose 5*r - 2*z - 15 = -39, -5*z - 2 = 3*r. What is n(r)?
11
Let j(p) = 2*p - 12. Let v = 1 + 7. Let l be j(v). Suppose 4*n - 18 = -2*f, 3*f = l*n - 0 - 3. Let m(g) = g**3 - 4*g**2 + 5*g - 2. Determine m(f).
4
Suppose -7 = -4*z - 23, 0 = -3*h - z - 1. Suppose -i = -4*b + 1, 2*b = i - 0*b - h. Let t(k) = -k + 1. What is t(i)?
-2
Let h(p) = 6*p**2 - 3*p - 20. Let y(v) = -7*v**2 + 2*v + 21. Let c(k) = -6*h(k) - 5*y(k). Give c(11).
-18
Let i(n) be the third derivative of 10*n**2 + 0 - 1/6*n**3 + 0*n - 1/8*n**4. Determine i(-3).
8
Suppose 17 = 11*u - 27. Let f(c) = -5*c + 3. Give f(u).
-17
Let k = 640 + -639. Let i(x) = 16*x**3 - 2*x**2 + 2*x - 1. Give i(k).
15
Suppose -7*p - 10 = -6*p. Let m be 6/(-10) + 4/p. Let q(s) = -6*s**2 - s. Determine q(m).
-5
Suppose 0 = -5*o - 5 - 0. Let w be o/((4/(-13))/(-4)). Let h = 18 + w. Let z(f) = -f**3 + 6*f**2 - 3*f - 4. What is z(h)?
6
Let o be 6/4 + 2/(-4). Let u(i) be the first derivative of 0*i**3 + 1/2*i**4 + 0*i**2 + i + 8. Calculate u(o).
3
Let k(c) = -c**2 + 2*c + 1. Let d(j) = -j**2 - 7*j - 6. Let n be d(-6). Suppose n = -63*z + 66*z - 12. Calculate k(z).
-7
Let u(l) = l**3 - 3*l**2 - 4. Let v be u(3). Let y(c) = c**2 + 4*c + 3. What is y(v)?
3
Let w(y) = -7*y - 9. Let i(p) = 3*p + 1. Let a(z) = -2*i(z) - w(z). Calculate a(-8).
-1
Suppose -4*a + 4 = s, 2*a = -0*a + s - 4. Suppose 12*b - 8 - 40 = 0. Suppose 0 = -2*y - a*y - c, 4*y - b*c - 24 = 0. Let f(o) = o - 2. Calculate f(y).
0
Let g = 0 + 15. Let l(m) = 5*m + 2 - 16*m**3 + g*m**3 - 2*m**2 + 1. Give l(-3).
-3
Suppose -2*b + 3*b - 3*t - 11 = 0, 4*b + 5*t + 7 = 0. Let f be ((-1)/b)/((-7)/14). Let k(v) = 6*v**3 + 1. Give k(f).
7
Let f(k) = k**3 + 2*k**3 - 6*k**3 + 3 + 9*k + 5*k**2 + 2*k**3 - 5*k. Determine f(6).
-9
Suppose 0*c + 3*c = 3. Let h = -62 + 65. Let i(t) = 3*t**3 - 629*t**2 - t - 1 + h*t + 629*t**2. Give i(c).
4
Let r(k) = k**2 + 7*k + 9. Let o be -2 - (3 - 4) - 21/1. Let y = o + 16. Determine r(y).
3
Let s(l) = 5*l - 10. Let k be 10/15 + 5/(-3). Let h(g) = g - 1. Let j(q) = k*s(q) + 6*h(q). Give j(-6).
-2
Let o(i) = -i**2 - 5. Let y(a) = a**3 - 4*a**2 - 4*a - 1. Let l be y(5). Suppose 12 = 5*m - 3*r, -16 = 2*m + 5*r + l. Suppose m = 8*s - 3*s. What is o(s)?
-5
Let g(i) = -11*i - 22. Let p(t) = 13*t + 27. Let u(q) = 6*g(q) + 5*p(q). What is u(9)?
-6
Let h(m) = 2*m + 40. Let d = 405 - 425. Calculate h(d).
0
Let n(l) be the first derivative of l**5/60 + l**4/3 + 14*l**2 - 11. Let p(g) be the second derivative of n(g). Give p(-5).
-15
Let a = -216 + 219. Let v(j) = -j**3 + 4*j**2 + j + 1. Let h = 1 - -2. Let k(c) = c**3 - 4*c**2 - 2*c - 2. Let n(m) = h*v(m) + 2*k(m). Determine n(a).
5
Let m(v) = -3*v**2 - 3*v - 3. Let q(a) = a + 1. Let d be q(-8). Let s be 1628/(-77) + (-1)/d. Let y be 4/(-14) - (-36)/s. Determine m(y).
-9
Let z(p) be the third derivative of p**6/120 - p**5/12 - p**4/4 - 86*p**2 - p. What is z(6)?
0
Let l = 1008 - 1012. Let i(f) = f + 2. What is i(l)?
-2
Let f(z) = z - 7. Let u be f(7). Let b(t) = 10*t - 11*t - t**2 - 1 + u*t. Suppose -w = -0 + 1. Give b(w).
-1
Let r be (-10)/(-40) - (-7)/4. Suppose -r*d = -5*y - 23, 4*d - 3*y = -2*y + 55. Let b = d - 7. Let w(q) = q**2 - 8*q + 5. Calculate w(b).
-2
Suppose -256*t + 276*t = -80. Let c(q) = -q**2 - q - 4. Determine c(t).
-16
Let q(f) = -f + 10. Let b(o) = o**2 + 10*o + 34. Let m be b(-4). Give q(m).
0
Let z(f) be the third derivative of f**8/2240 - f**6/720 + 2*f**5/15 + 13*f**2. Let l(g) be the third derivative of z(g). Calculate l(-1).
8
Let t(y) be the second derivative of 3/2*y**2 + 0 + 1/12*y**4 - 5/6*y**3 - 16*y. Determine t(6).
9
Let v(m) = m**3 - 8*m**2 - 7*m - 15. Let t(y) = -y**3 + 8*y**2 + 5*y + 14. Let d(b) = -4*t(b) - 3*v(b). What is d(8)?
-3
Let t(s) = 10*s**3 - 2 + 2*s - 9*s**3 - 7*s**2 + 6*s. Let l be (-4)/(3/(-18)*4). Calculate t(l).
10
Let u(f) be the second derivative of f**4/12 - 4*f**3/3 - 5*f**2/2 - 5*f + 12. Give u(8).
-5
Let i(h) = 40*h**3 - 1. Let y be (-324)/(-2430) + 28/15 + -1. Give i(y).
39
Let i(b) be the third derivative of -b**4/24 + 2*b**3/3 - 253*b**2. What is i(4)?
0
Suppose -36 = -j + 13*j. Let k(x) = -x**3 - 4*x**2 - 4*x - 3. What is k(j)?
0
Let v(u) be the third derivative of u**4/12 + 4*u**3/3 + 202*u**2. What is v(-6)?
-4
Let t(a) be the second derivative of -a**3/2 - 16*a**2 - 12*a. Let m be t(-10). Let j(n) = -n**2 - 2*n - 1. Calculate j(m).
-1
Let n(r) = 5*r + 11. Let j(z) = z**3 - 3*z**2 - 8*z - 21. Let w be j(5). Give n(w).
-44
Let i(z) = z - 2. Let y(c) = c**3 + 9*c**2 - 2. Let a = 14 - 23. Let o be y(a). What is i(o)?
-4
Suppose 0 = -2*g - 0*g. Let b be g + (0 - -1) + -7. Let o(x) = -5437*x**3 + 5*x - 3*x - 6*x**2 + 5436*x**3 + 3. What is o(b)?
-9
Let a(o) = 3*o + 2. Suppose 0 = -u - u - 12. Give a(u).
-16
Let g(o) = -o**2 - 6*o - 9. Suppose -5*p - 2*i - 25 = 0, 5*p + i + 21 + 4 = 0. What is g(p)?
-4
Let r = 30 + -26. Let l be 16 + -12 - 1/((-2)/r). Let z(u) = 2*u - 8. Calculate z(l).
4
Let p(g) = -g**2 + g + 2. Let h(n) = -12*n**3 - 3*n**2 + 4*n + 7. Let w(r) = -h(r) + 4*p(r). What is w(-1)?
-12
Let w(l) = 2*l**2 - 2*l - 1. Let s(i) = -3*i**2 - 3*i - 4. Let n(a) = -s(a) - w(a). Determine n(-2).
-1
Let g(x) be the third derivative of -1/8*x**5 + 5/6*x**3 + 0*x + 0 - 1/24*x**4 - 2*x**2. Let t(f) be the first derivative of g(f). What is t(-1)?
14
Suppose -5*y + h - 7 = 0, 7 = 2*y - 3*h + 2. Let q(k) = -k - 2. Let t(i) = 2*i + 3. Let l(w) = y*t(w) - 3*q(w). Determine l(-1).
1
Let a(l) = -3*l - 22. Let o be a(-9). Let q be -1*o - (-2)/((-2)/(-3)). Let x(m) = -m**2 - 2*m. Calculate x(q).
0
Let y(x) be the second derivative of x**5/20 - 2*x**4/3 + 5*x**3/6 + 13*x**2/2 + 6*x - 3. Calculate y(7).
-1
Let b(c) = c**3 - 5*c**2 - c + 4. Let a = -11 - -8. Let i(q) = q**3 + 5*q**2 + 5*q + 3. Let j be i(a). Suppose -25 = 5*z, 3*n = j*z - 2*z + 35. Give b(n).
-1
Let a(t) = 4*t**3 - 10*t**2 + 5. Let b(k) be the second derivative of -k**5/20 + k**4/12 - k**3/6 - k**2/2 + 24*k. Let o(u) = a(u) + 5*b(u). What is o(-4)?
4
Let g = 19 + -14. Let k(o) = 4*o - g*o + 1 - o. Give k(-3).
7
Let q(o) = o**